or of y and g?
18
Suppose -u + p = -3*u - 5, 0 = -3*u - 3*p - 15. Let c = 130 + -128. Suppose -2*t + u + 2 = c*y, 4*y = -20. Calculate the highest common factor of t and 36.
6
Let j = -32 - -64. Suppose -i + 42 - j = 0. What is the highest common factor of 10 and i?
10
Suppose 0 = 2*l + 10*c - 14*c + 12, 4*l + 12 = 5*c. Let q = -10 + 11. What is the greatest common divisor of q and l?
1
Let s = 24 - 26. Let q be (-2 + 1 - -21) + (-2)/s. Calculate the greatest common factor of q and 21.
21
Let y be 2*2 - ((-180)/2 - -19). Calculate the highest common divisor of 1075 and y.
25
Let k = 8 + -12. Let m be 3/(-2) + (-42)/k. What is the highest common divisor of 9 and m?
9
Let n = -12 + 42. Calculate the highest common factor of 40 and n.
10
Let u be (-1)/(204/24) - 308/(-17). Let n(i) = 25*i**2 + 3*i - 1. Let a be n(1). Calculate the highest common divisor of a and u.
9
Suppose -3*k + 2*f + 19 = -0*f, 4*f = -2*k - 14. Let v be (3 - 114)*(-4)/k. What is the highest common divisor of 37 and v?
37
Suppose -2646 = -10*y - 4*y. Calculate the highest common divisor of y and 54.
27
Let x(y) = 6*y**2 - 90*y + 13. Let s be x(15). Suppose -h = -3*t + 114, -h = -0*h - 3. Calculate the highest common divisor of s and t.
13
Let r be 0 + (0/1 - -16). Suppose 4*c = p - r, -5*p + c + 112 = -3*c. Suppose 0 = 31*l - 343 - 773. Calculate the greatest common factor of p and l.
12
Let h = 238 + -236. What is the highest common factor of h and 34?
2
Let y = 82 + -78. Suppose -j - y*d = -29, 5*j - 40 = 5*d + 5. What is the greatest common divisor of 91 and j?
13
Let j(n) = -2*n**2 - 31*n + 191. Let w be j(-17). Calculate the highest common factor of 532 and w.
28
Let y = 37 + -9. Calculate the greatest common factor of 196 and y.
28
Let i = -5885 - -5911. Let x be ((-4)/(-2) + -7)*-26. Calculate the greatest common factor of x and i.
26
Let y(i) = i**2 + 4*i - 3. Let c be y(-6). Let x(j) = -j**3 - 2*j**2 - c + 23 + 16*j**2. Let n be x(14). What is the greatest common divisor of 28 and n?
14
Let w(t) be the second derivative of 1/2*t**4 + 9*t + 0*t**2 - 2/3*t**3 + 1/20*t**5 + 0. Let m be w(4). What is the greatest common factor of m and 18?
18
Let m be 48/(-9)*(-9)/(-6). Let c be (0 - (-2)/m)*27*-8. Calculate the highest common factor of 27 and c.
27
Let v(t) = -2*t**2 - 4*t - 4. Let r be v(-4). Let i = r + 89. Let j = i - 41. Calculate the highest common divisor of j and 7.
7
Suppose -o = 4*o - 5. Let l be (o + -2 + 4)/1. Let h(x) = x**2 + x + 1. Let s be h(1). What is the highest common factor of s and l?
3
Let d = 63 + -60. Let f(a) = 9*a - 11. Let t be f(d). Let n = -25 + 41. What is the highest common factor of n and t?
16
Suppose -13*o = -36*o + 1932. Calculate the greatest common factor of 4116 and o.
84
Suppose -3*k - 3*g = -20 + 2, 0 = -5*k + g + 6. Suppose 4*h + 124 = k*w, -73 = -w + 3*h - 15. Let n = -19 + 33. Calculate the greatest common factor of w and n.
14
Let z(t) = t**3 + 9*t**2 + 5*t - 6. Let w be z(-8). Let n = 81 + w. Let h = 76 + -65. Calculate the highest common factor of n and h.
11
Let l = 264 - 219. Calculate the highest common factor of 9 and l.
9
Let m = -28 - -178. Calculate the highest common divisor of 60 and m.
30
Let r = 658 + -642. What is the highest common divisor of r and 272?
16
Suppose 6*g = 8*g + 5*r - 32, g + 3*r = 14. What is the highest common factor of 130 and g?
26
Let p = 107 - 80. Let l = p - -36. Let n be (7/(-1))/(2/(-12)). Calculate the highest common factor of l and n.
21
Suppose -2565 = -19*l - 0*l. Calculate the highest common factor of l and 15.
15
Suppose 3*l + 22 = 124. Suppose -14*z + 444 = -270. Calculate the highest common factor of l and z.
17
Suppose -2*q = -727 - 689. What is the highest common factor of 12 and q?
12
Suppose -1260 = -6*r - 480. Calculate the greatest common factor of 10 and r.
10
Let x = 563 - -474. Calculate the greatest common factor of 17 and x.
17
Suppose -5*c + k + 6 = 0, 20 = 2*c + 7*k - 3*k. Suppose 288*o = 608*o - 302*o - 54. What is the highest common factor of c and o?
1
Let d(p) = -4*p**3 - 1. Let l be d(1). Let i be 14/(-2) - (5 + l). Let a(q) = -4*q + 20. Let z be a(i). What is the greatest common divisor of 12 and z?
12
Suppose 5*y = 3*y + 406. Let d = 287 - 258. Calculate the highest common factor of d and y.
29
Let n = 7 - 6. Let d be ((-42)/7)/((-9)/6). Let m be (-86)/(-8) + (-3)/d. Calculate the highest common factor of m and n.
1
Suppose -2*n - 4*g = -66, -4*g = 4*n - g - 132. What is the greatest common factor of n and 33?
33
Suppose -3*g + 62 = 10*v - 5*v, 80 = 3*g - 4*v. What is the highest common divisor of 720 and g?
24
Let j be 1*(2 - 2)*-1. Suppose j*f - 174 = -3*f. Suppose 2*r = 5*w + 3*r - 73, -r + f = 4*w. Calculate the greatest common factor of w and 135.
15
Let y(v) = 7*v - 214. Let n be y(43). Calculate the highest common divisor of 58 and n.
29
Let j = 684 + -486. Let n = -1665 - -1687. Calculate the greatest common divisor of n and j.
22
Let j(a) = 74*a + 373. Let w be j(-2). What is the greatest common factor of w and 36?
9
Suppose -u + 229 = 12*s - 7*s, 801 = 4*u - 3*s. What is the highest common divisor of 156 and u?
12
Suppose -t = 2*t - 186. Suppose -4*m + t = 2*d, -m + 4*d = 3*d - 14. Calculate the greatest common factor of m and 6.
3
Let y(c) = -3*c + 129. Let g be y(37). What is the greatest common factor of g and 1017?
9
Let p = 411 - 410. Calculate the highest common divisor of p and 47.
1
Let a = 16 + -6. Let c be (a/(-8))/(1/(-4)). Let k = -20 - -35. Calculate the highest common divisor of k and c.
5
Let u be ((-297)/44 - -8) + 3/(-12). Calculate the highest common factor of u and 7.
1
Suppose -42*b = -47*b + 130. Calculate the highest common divisor of 10 and b.
2
Suppose -13*m = -15*m + 180. What is the highest common divisor of m and 126?
18
Let w be (2/(-4))/((-5)/(-470)). Let v = 83 + w. What is the highest common factor of v and 18?
18
Let x(h) = 180*h**2 - h - 1. Let s be x(-1). Suppose s = 4*r + 2*r. What is the highest common factor of r and 10?
10
Let m = -15 + 16. Let b be 7 - (m - (-2 - -3)). Let s = b - 2. Calculate the highest common factor of s and 5.
5
Suppose 2*n + 20 = 3*k + 3*n, -5*k + 22 = -4*n. Suppose -v + k*v = 95. Let s = 39 - v. Calculate the greatest common divisor of s and 8.
4
Suppose -986 = 5*x - 4226. Calculate the highest common divisor of x and 54.
54
Let a be -78 + (-1)/((-1)/(-4)). Let i = -42 - a. Calculate the greatest common factor of i and 5.
5
Let t = -17 - -21. Let j be 20*t/((-24)/(-9)). What is the highest common factor of 15 and j?
15
Suppose 3*i = -3*h + 6*i + 1350, 5*h - i = 2270. What is the highest common factor of 91 and h?
91
Let l = -311 + 471. Calculate the greatest common factor of 5 and l.
5
Let v be 1 + 3 - (-19 - -2 - -1). What is the greatest common divisor of 25 and v?
5
Suppose 2*m - 2 = 0, 19*m - 220 = -3*s + 15*m. Calculate the highest common factor of 18 and s.
18
Let x(l) = -106*l**3 - l - 1. Let c be x(-1). What is the highest common divisor of 159 and c?
53
Suppose -4*m = -w - 796, -2*w + 0 - 8 = 0. Let z be (-10)/(-45) - 196/(-9). What is the greatest common divisor of m and z?
22
Let f be 4/((-88)/45 - -2). Suppose 98 - 523 = 5*j. Let n = -75 - j. What is the highest common factor of n and f?
10
Let s(p) = -84*p - 2. Let d be s(-1). Suppose -26 = -3*x + d. Let k = 71 + -17. What is the highest common factor of x and k?
18
Let z(m) = 2*m**3 + 10*m**2 - 3*m - 9. Let i be z(-5). Calculate the highest common factor of i and 15.
3
Let q(x) = x**2 - x + 15. Let r be q(6). What is the highest common factor of 15 and r?
15
Suppose y - 730 = -685. What is the greatest common divisor of y and 72?
9
Suppose 4*u + 504 = 12*u. Calculate the greatest common divisor of 18 and u.
9
Let p = -544 + 691. What is the greatest common divisor of 84 and p?
21
Let a = -13 + 18. Let u be (2 + -12)*(-6)/4. Suppose 10*b - 7*b = u. What is the greatest common factor of a and b?
5
Suppose 2*u + 0*u = 128. Calculate the greatest common divisor of 416 and u.
32
Let k be 2/(((-6)/(-252))/((-1)/(-3))). Suppose -k = 2*x - 154. Suppose -2*r + 5*r = 21. Calculate the highest common factor of r and x.
7
Let j(l) = -52*l. Let a be j(-5). Suppose -5*i = -2*d + a, 0 = 2*i - i. Suppose 2*x - d = -3*x. Calculate the great